 = 876 - 880. List the prime factors of c(d).
5, 157
Let b be -3*(-4 + 2) + 0. Suppose -4*j + 2472 = 4*a, -3*a = -b - 9. List the prime factors of j.
613
Suppose 0 = 734*y - 735*y - 22. Let q = 28 - y. List the prime factors of q.
2, 5
Let k(o) = 5*o**3 + 2*o**2 - 3*o + 1. Let t(x) = -4*x - 35. Let b(v) = -2*v - 18. Let d(y) = 7*b(y) - 3*t(y). Let f be d(-12). List the prime factors of k(f).
5, 29
Let i(g) = -3*g**3 - 19*g**2 - 21*g + 1. Let f(r) = 4*r**3 + 19*r**2 + 21*r. Let j(d) = 2*f(d) + 3*i(d). List the prime factors of j(-19).
2, 3, 67
Let c(j) = -j**2 - j + 1. Let l be c(-3). Let d(t) = 4*t + 5*t**2 + 4 - 2 - 4*t**2 + 3. What are the prime factors of d(l)?
2, 5
Let a(m) be the second derivative of 11*m**4/12 - 13*m**3/6 - 2*m**2 + 12*m. Let y(b) be the first derivative of a(b). What are the prime factors of y(3)?
53
Let k be (-10 - -6) + 595 - 0. Let t = -368 + k. List the prime factors of t.
223
Let o be -2 + (-1)/((-7)/21). What are the prime factors of ((-12)/10)/(6/(-1180)*o)?
2, 59
Let k(w) = -60*w - 154*w - 1199 + 913. List the prime factors of k(-6).
2, 499
Let h(w) = 2*w**2 - 6*w - 8. Let i be h(-6). Let x = 125 - 186. Let p = x + i. What are the prime factors of p?
3, 13
What are the prime factors of (2/(-24) - 3829754/456)/(14/(-63))?
2, 3, 6299
Let f = -2418 - -4206. Let x = f - 1267. List the prime factors of x.
521
List the prime factors of ((-1280)/(-2880))/(2/42876).
2, 3, 397
Let h(k) = k + 53. Let m be h(-48). Suppose 4*b + 109 = 3*r, -117 - 28 = -4*r + m*b. What are the prime factors of r?
5, 7
Suppose 0 = 8*z - 13*z - 5*j + 355, 5*j + 266 = 4*z. Let t = 293 - z. List the prime factors of t.
2, 7
Let p = 10044 + -3537. What are the prime factors of p?
3, 241
Suppose -l = 5*t + 14, 2*l + 0*t + t = -55. Let y = 36 + l. What are the prime factors of (-4)/y + 722/14?
3, 17
Let m(h) = h**3 - 23*h**2 + 34*h - 50. Suppose 4*w - 96 = 4*z, -4*z = w - 19 - 0. What are the prime factors of m(w)?
2, 3, 61
Suppose 0 = 5*c + 3*l - 28, c + 4*l - 29 = -4*c. Suppose -c*y - 855 = 5*x, -6*y + 2*x - 702 = -2*y. Let t = -83 - y. What are the prime factors of t?
7, 13
Let l(r) = 2321*r - 2750. List the prime factors of l(14).
2, 11, 13
Suppose 13*c - 35 = 18*c. What are the prime factors of (-9108)/c - (-32)/(-224)?
1301
Suppose q - 7 = 2*a + 4, 5*q + 5*a = -5. Suppose 3*b - 234 = -q*b. Let u = b + -25. What are the prime factors of u?
2, 7
Suppose -4*h - 9*h + 65 = 0. Suppose -5*x - 84 = h*o - 4*x, 5*o - 4*x + 64 = 0. What are the prime factors of (-10)/((-15)/28 + (-8)/o)?
2, 5, 7
Let p(n) = 2*n + 25. Let w be p(-10). Suppose w*j - 1670 = -5*c, c = -3*j + j + 329. List the prime factors of c.
3, 113
Let r(o) = -o - 1. Let k(g) = -3*g - 8. Let q be k(-2). Let m(j) = 13*j - 8. Let b(y) = q*r(y) + m(y). What are the prime factors of b(4)?
2, 3
Suppose 27*g - 22*g = -2540. Suppose 267 = -5*u + 3847. Let n = u + g. List the prime factors of n.
2, 13
What are the prime factors of (103/206)/((-33777)/33780 + 1)?
2, 5, 563
Let d = 12672 - -1100. What are the prime factors of d?
2, 11, 313
Let o = 7418 + -6477. List the prime factors of o.
941
Suppose 5*y = 2479 + 1646. Let w = -480 + y. List the prime factors of w.
3, 5, 23
Suppose -3*w = 2*w + 25. Let b(j) = 3*j**2 + 16*j + 7. Let d(x) = -6*x**2 - 33*x - 15. Let r(c) = 9*b(c) + 4*d(c). List the prime factors of r(w).
2, 3
Let y(d) = d**3 - 8*d**2 + 16*d - 11. Let r be y(6). Let o(h) = 8*h**2 + 14*h**3 + 9 - r*h**3 - 2*h + 0*h. List the prime factors of o(-7).
2, 3
Let q be 102/21 + -5 + 72/14. Suppose -4*a + 2*o = 5*o - 22, 4*a + q*o = 26. Suppose -3*t + 128 = 2*t - a*k, -59 = -2*t - k. What are the prime factors of t?
2, 7
Suppose 3*s = -5*t - 1081, 5*t + 6*s = 4*s - 1079. Let h = t + 943. List the prime factors of h.
2, 7, 13
Let l be (8/6)/((-18)/(-459)). Suppose l = -7*s + 104. Let a = s + 47. List the prime factors of a.
3, 19
Let r be ((-20)/6)/(72/108) + -354. Let h = 630 + r. List the prime factors of h.
271
Let a(z) = 7*z - 37. Let w be a(6). Suppose 0 = q + w*q - 4560. Suppose 0 = -0*s + 5*s - q. What are the prime factors of s?
2, 19
Suppose 0 = 23*c - 278439 - 387158. List the prime factors of c.
43, 673
Let z = 164 + -119. Suppose 32*w - 66 = 30*w + 2*y, w - z = -5*y. What are the prime factors of w?
5, 7
Suppose 2*v - 1329 = -5*u + 269, 4*u - 1600 = -2*v. Let d = -158 - v. List the prime factors of d/(-14) - (200/35 - 6).
3, 23
Let a(p) = -p**2 - 28*p + 830. Let j be 0*(7 - ((-3)/(-3) - -5)). List the prime factors of a(j).
2, 5, 83
Let v be -3 - -4 - 21/(-2 - 1). What are the prime factors of 580*(-12 + v - -6)?
2, 5, 29
Let m(g) = g**2 - 1. Let i be m(-2). Suppose 433 = 4*q - 6*h + 5*h, -5*q + 3*h = -543. Suppose -i*o - 3*o + q = 0. What are the prime factors of o?
2, 3
Suppose 4*c + 3*s - 80 = 0, -c + 4*s + 33 = 8*s. Suppose 3785 = c*f - 6381. What are the prime factors of f?
2, 13, 23
What are the prime factors of (1706 + (0 - -1))*(-196 - -202)?
2, 3, 569
Suppose -3*h = -2*v + 745, 20*h - 1856 = -5*v + 21*h. Suppose 2*a - v = -x, -10*a + 16 = -6*a. List the prime factors of x.
3, 11
Let p be (21944/32)/(-13) - 3/12. What are the prime factors of (p/(-159))/((-1)/(-3909))?
1303
Let y = -23 + 25. Let n(i) = 325*i - 17. Let d be n(y). Let a = d + -384. List the prime factors of a.
3, 83
Let f be 3/2 + (-90)/(-60). Let d(a) = 10*a**3 - 2*a**2 + 3. What are the prime factors of d(f)?
3, 5, 17
What are the prime factors of (((-24)/14)/(-2))/(3/13482*2)?
2, 3, 107
Let n = -433 - -1119. What are the prime factors of n/28*(-976)/(-28)?
2, 7, 61
Let o be ((-5)/(-4)*-181)/((-29)/116). Let k = o - 198. List the prime factors of k.
7, 101
Let d(l) = 1100*l**3 + 5*l**2 - 6*l + 2. Let j(y) = 7*y - 146. Let w be j(21). What are the prime factors of d(w)?
3, 367
Let k be (1 + (-9)/2)/(5/1450). Let o = -523 - k. List the prime factors of o.
2, 3, 41
Suppose -421*y - 412*y = -829*y - 104776. List the prime factors of y.
2, 7, 1871
Suppose -4*h = 22 - 22. Suppose 4*w + h*w + 3*o - 379 = 0, o = -w + 94. List the prime factors of w.
97
Let o = 3640 + -2436. Suppose 4*v - o = -3*v. List the prime factors of v.
2, 43
Suppose 4 = 3*n + 1, -3*q + 3*n - 159 = 0. Let j = q + 36. List the prime factors of ((-20)/8)/(2/j*2).
2, 5
Suppose 37 = -4*q + 129. Suppose q*g - 18*g = 815. Let w = g - 55. List the prime factors of w.
2, 3
Let g = 30665 - 17981. What are the prime factors of g?
2, 3, 7, 151
Let w(x) = x**3 - 16*x**2 + 16*x - 12. Let y be w(15). Suppose 3*u + j = -y*j + 57, -63 = -5*u + 4*j. Let a = 57 - u. List the prime factors of a.
2, 3, 7
Suppose 5*m = 4*s - 6*s + 10, -2*s = m - 2. Suppose -l + c + m*c + 37 = 0, -4*c - 185 = -5*l. What are the prime factors of l?
37
Let l = -6381 - -10605. What are the prime factors of l?
2, 3, 11
Suppose 4*p + 11568 = -4*q, -p + 24*q - 20*q - 2912 = 0. Let x = p - -4143. List the prime factors of x.
29, 43
Suppose -f = 9*m - 11*m + 35743, -89364 = -5*m - 4*f. What are the prime factors of m?
2, 1117
List the prime factors of 152/22*589149/198.
2, 19, 541
Suppose 2*k + 5*o = -12, -k = 4*k - o + 3. Let p be (-3)/(-2) - (12/(-8) - k). Suppose 0 = -5*b + 5*m + 735, 2*m + 294 = p*b - 2*m. List the prime factors of b.
3, 7
Let c = 2408 + 2735. What are the prime factors of c?
37, 139
Suppose 2*u = 2*k + 4668, 4*u + 2*k + 2111 - 11441 = 0. List the prime factors of u.
2333
Let y(k) = 316*k**2 + 116*k - 205. What are the prime factors of y(12)?
46691
Let v(f) = 118*f**2 + 3128*f - 5. List the prime factors of v(-31).
3, 5, 73
What are the prime factors of ((-294)/9 - -2)*(-31878)/276?
2, 7, 11, 23
Let w = 53 + -54. Let i be 5 + (604 - (w - -3)). Let c = -330 + i. List the prime factors of c.
277
Suppose 54*r = -5*q + 56*r + 14526, -2*q + 4*r = -5820. Let v = q + -1763. What are the prime factors of v?
7, 163
Suppose -5*k = -70*k + 698658 - 78233. List the prime factors of k.
5, 23, 83
Let n = -75 + 133. Let z = 64 - n. Suppose -z*w = -w - 5*f - 25, -3*f = -2*w + 8. What are the prime factors of w?
7
Let i(y) = -268*y - 75. Let w(v) = 133*v + 38. Let l(n) = -2*i(n) - 5*w(n). What are the prime factors of l(-4)?
2, 7, 17
Suppose 2*w - 21939 + 64939 = 4*j, 7*w + 21512 = 2*j. What are the prime factors of j?
3, 3583
Suppose 3*f + 2 = -4*w, -4*f + 92*w = 91*w - 10. Wha